429?
False
Is 18 a factor of 97680?
False
Is 40 a factor of 2320?
True
Does 73 divide 1531175?
True
Does 223 divide 5912134?
False
Does 14 divide 12775?
False
Does 280 divide 344434?
False
Is 30 a factor of 225780?
True
Is 91 a factor of 1032759?
True
Does 75 divide 795525?
True
Does 76 divide 159904?
True
Is 256 a factor of 452096?
True
Is 126 a factor of 19124784?
True
Is 164 a factor of 221808?
False
Is 5379621 a multiple of 1527?
True
Is 302910 a multiple of 345?
True
Does 268 divide 8329878?
False
Is 12730300 a multiple of 275?
True
Does 32 divide 11926271?
False
Is 27 a factor of 362664?
True
Does 128 divide 214528?
True
Does 33 divide 39204?
True
Is 102472 a multiple of 15?
False
Does 524 divide 802768?
True
Does 309 divide 246231?
False
Is 35 a factor of 3185?
True
Is 24 a factor of 4751904?
True
Is 12 a factor of 2857608?
True
Is 13 a factor of 1934313?
False
Is 19169 even?
False
Is 464871 a multiple of 74?
False
Is 5447007 a multiple of 81?
True
Is 4 a factor of 287710?
False
Does 46 divide 4028266?
True
Is 436368 a multiple of 16?
True
Is 618646 a multiple of 14?
True
Is 557 a factor of 4845982?
False
Is 7077454 a multiple of 5?
False
Does 14 divide 16111802?
True
Does 528 divide 310846?
False
Does 18 divide 3211380?
True
Is 16 a factor of 276172?
False
Is 353791 a multiple of 16?
False
Is 473616 a multiple of 66?
True
Is 33 a factor of 21822042?
True
Does 4 divide 1079804?
True
Is 14 a factor of 300992?
False
Is 5 a factor of 106580?
True
Is 50 a factor of 7003833?
False
Does 10 divide 269730?
True
Is 168 a factor of 2107896?
True
Is 445752 a multiple of 164?
True
Is 5 a factor of 204620?
True
Is 365903 a multiple of 589?
False
Is 3227770 a multiple of 36?
False
Is 220 a factor of 60188?
False
Is 19 a factor of 5380762?
True
Does 26 divide 4763450?
False
Is 14090 a multiple of 18?
False
Is 136420 a multiple of 19?
True
Does 26 divide 623142?
True
Is 97490 a multiple of 10?
True
Does 260 divide 1209520?
True
Does 745 divide 2656670?
True
Is 553917 a multiple of 91?
True
Is 778 a factor of 9441808?
True
Does 22 divide 3048782?
True
Is 98 a factor of 413168?
True
Is 7 a factor of 9898230?
False
Is 88 a factor of 4703776?
True
Is 154 a factor of 281204?
True
Is 358317 a multiple of 3?
True
Is 3 a factor of 5835?
True
Is 125 a factor of 295482?
False
Is 9 a factor of 7718076?
True
Does 15 divide 59339?
False
Does 51 divide 129745?
False
Is 122627 a multiple of 10?
False
Is 7 a factor of 215145?
True
Is 30 a factor of 639840?
True
Does 21 divide 6089370?
True
Is 368725 a multiple of 42?
False
Is 24 a factor of 609696?
True
Does 193 divide 1323330?
False
Does 21 divide 397362?
True
Is 23 a factor of 285893?
False
Is 8 a factor of 855352?
True
Is 1289154 a multiple of 3?
True
Is 7 a factor of 18092?
False
Is 961415 a multiple of 5?
True
Is 1059978 a multiple of 619?
False
Is 313 a factor of 167142?
True
Does 7 divide 568393?
True
Is 63 a factor of 3989966?
False
Does 4 divide 61324?
True
Is 26 a factor of 152212?
False
Is 154 a factor of 11503283?
False
Does 115 divide 6294065?
True
Is 87415 a multiple of 9?
False
Does 115 divide 1577110?
True
Is 165 a factor of 388575?
True
Is 34320 a multiple of 4?
True
Is 703710 a multiple of 417?
False
Does 9 divide 56538?
True
Does 195 divide 2862780?
False
Is 127 a factor of 381?
True
Is 190 a factor of 43510?
True
Is 14 a factor of 1475068?
True
Is 21 a factor of 718486?
False
Is 8854649 a multiple of 163?
True
Is 189194 a multiple of 39?
False
Is 48 a factor of 35873?
False
Is 175905 a multiple of 135?
True
Does 112 divide 7504?
True
Does 185 divide 444274?
False
Does 59 divide 28949?
False
Does 17 divide 679893?
False
Is 4866476 a multiple of 256?
False
Is 67 a factor of 700887?
True
Is 1225672 a multiple of 14?
True
Is 561792 a multiple of 418?
True
Is 14 a factor of 654864?
True
Is 588764 a multiple of 22?
True
Is 51 a factor of 674147?
False
Is 17 a factor of 310046?
True
Is 71 a factor of 717318?
False
Is 43 a factor of 585538?
False
Is 86708 a multiple of 23?
False
Does 18 divide 7184592?
True
Is 1524309 a multiple of 5?
False
Does 13 divide 176191?
False
Is 1188660 a multiple of 22?
True
Is 892965 a multiple of 295?
True
Does 54 divide 40602?
False
Is 5 a factor of 81886?
False
Is 1574706 a multiple of 13?
False
Is 14 a factor of 1164321?
False
Is 12865153 a multiple of 67?
False
Does 97 divide 85651?
True
Does 33 divide 11502744?
True
Does 36 divide 1171280?
False
Is 9 a factor of 1410210?
True
Does 311 divide 393028?
False
Is 3636300 a multiple of 46?
True
Does 21 divide 466872?
True
Does 3 divide 77751?
True
Is 58 a factor of 10917224?
True
Is 5 a factor of 5095?
True
Is 5 a factor of 20666?
False
Is 408 a factor of 303709?
False
Is 92744 a multiple of 14?
False
Does 104 divide 628020?
False
Is 151 a factor of 755?
True
Does 43 divide 1419?
True
Does 56 divide 213121?
False
Is 9 a factor of 2117502?
True
Is 2039874 a multiple of 254?
True
Does 9 divide 10110528?
True
Is 23174 a multiple of 5?
False
Is 2303 a factor of 5580050?
False
Is 16 a factor of 1305728?
True
Is 105509 a multiple of 16?
False
Does 147 divide 4338?
False
Is 13 a factor of 5215301?
True
Is 28 a factor of 2281272?
True
Is 18 a factor of 290052?
True
Does 13 divide 6106210?
False
Is 475633 a multiple of 67?
True
Is 15 a factor of 904693?
False
Is 10 a factor of 13375010?
True
Does 31 divide 136681?
False
Does 29 divide 114202?
True
Does 731 divide 12148489?
True
Is 7 a factor of 546?
True
Is 39 a factor of 652742?
False
Does 96 divide 507552?
True
Does 227 divide 115997?
True
Is 2744639 a multiple of 3?
False
Is 1197102 a multiple of 63?
False
Does 30 divide 679560?
True
Does 708 divide 247339?
False
Is 25508 a multiple of 145?
False
Does 198 divide 1274269?
False
Does 306 divide 227358?
True
Is 71974 a multiple of 106?
True
Is 143 a factor of 81921?
False
Is 218 a factor of 46511?
False
Is 87 a factor of 557844?
True
Is 116740 a multiple of 65?
True
Is 2934882 a multiple of 309?
True
Is 589 a factor of 1731054?
False
Is 228 a factor of 3111747?
False
Is 46314 a multiple of 279?
True
Is 17 a factor of 7227867?
False
Is 109744 a multiple of 76?
True
Is 22 a factor of 114076?
False
Does 105 divide 148785?
True
Is 55272 a multiple of 9?
False
Is 1568892 a multiple of 26?
True
Does 13 divide 29172?
True
Is 23 a factor of 442029?
False
Does 5 divide 281653?
False
Is 4942749 a multiple of 21?
True
Does 17 divide 24754?
False
Does 100 divide 309400?
True
Is 10607868 a multiple of 54?
True
Is 1674809 a multiple of 2?
False
Is 3097271 a multiple of 68?
False
Is 25 a factor of 68300?
True
Is 1854149 a multiple of 11?
True
Is 1181241 a multiple of 9?
True
Is 16 a factor of 27946?
False
Is 70 a factor of 282027?
False
Is 56 a factor of 751045?
False
Does 40 divide 1172521?
False
Is 30 a factor of 771349?
False
Is 109 a factor of 160775?
True
Does 26 divide 11846153?
False
Is 24 a factor of 324576?
True
Does 36 divide 1057674?
False
Is 23 a factor of 123347?
False
Is 7 a factor of 89964?
True
Is 4355105 a multiple of 574?
False
Does 513 divide 6598206?
True
Is 40 a factor of 3687880?
True
Does 82 divide 7454458?
False
Is 113832 a multiple of 36?
True
Is 106 a factor of 3389675?
False
Does 35 divide 11515?
True
Does 96 divide 136894?
False
Is 17 a factor of 46376?
True
Is 17119 a multiple of 17?
True
Is 48 a factor of 183168?
True
Is 16 a factor of 358000?
True
Is 12780404 a multiple of 1371?
False
Does 11 divide 118965?
True
Does 17 divide 1974974?
False
Does 17 divide 68544?
True
Does 42 divide 2410526?
False
Is 48738 a multiple of 2?
True
Is 271202 a multiple of 8?
False
Does 57 divide 8599875?
True
Is 67 a factor of 2011809?
True
Is 818756 a multiple of 11?
False
Is 297 a factor of 434166?
False
Is 37 a factor of 1055283?
False
Is 11 a factor of 7541?
False
Does 425 divide 11596168?
False
Is 22 a factor of 12862420?
False
Is 601794 a multiple of 20?
False
Is 207 a factor of 4354810?
False
Does 76 divide 35087?
False
Does 11 divide 1214863?
False
Is 748 a factor of 410913?
False
Is 48 a factor of 91801?
False
Is 132 a factor of 158928?
True
Is 5810699 a multiple of 306?
False
Is 95230 a multiple of 3?
False
Does 155 divide 153420?
False
Is 37 a factor of 1453434?
True
Is 440696 a multiple of 124?
True
Does 71 divide 10687414?
